prime factors of b.
5
Let y(b) = b + 4. Let g be y(-4). Let a be g*(-1 + 2)*-1. Suppose 5*d = 2*v - 31, -5*v - 5*d + 22 + 3 = a. List the prime factors of v.
2
Let u(j) = 4*j - 3. Let w = -2 + 4. Let g be u(w). Suppose -g*p - 4*b + 20 = -3*b, 4*p + b - 15 = 0. What are the prime factors of p?
5
Let w(h) = h**2 + 6*h - 4. Let q = -22 + 15. What are the prime factors of w(q)?
3
Let n be 38/8 + (-15)/20. Suppose -3*s + 46 = 4*d - 2, -2*s = n*d - 44. What are the prime factors of d?
3
Let u(a) be the third derivative of a**6/120 + 11*a**5/60 + a**4/3 - a**3/3 - 5*a**2. List the prime factors of u(-10).
2, 3
Let r = -10 + 5. Let a be r + (-6)/(9/(-3)). Let x = 8 + a. List the prime factors of x.
5
Let l(p) be the first derivative of -p**4/12 - 3*p**3/2 - 3*p**2 - 2*p + 3. Let o(w) be the first derivative of l(w). What are the prime factors of o(-5)?
2, 7
Let g be 3*-1*78/(-18). Let y = -7 + g. What are the prime factors of y?
2, 3
Suppose -3*x = -5*h + 20 - 1, h = -3*x + 11. Suppose x*n - 2 = 54. List the prime factors of n.
2, 7
Let r be ((-2)/3)/(2/(-6)). Let c(w) = 3 - 5 + 3*w + 0*w + 4*w**2. What are the prime factors of c(r)?
2, 5
Let r(b) = -b + 2. Let k be r(-2). Suppose 4*s - 2*w - 40 = -0*s, 3*s - 20 = k*w. What are the prime factors of s?
2, 3
Suppose -4*v - 10 = 4*a - 2*a, 2*a - 5*v - 35 = 0. Let d(i) = -i**3 + 8*i**2 - 7*i + 1. List the prime factors of d(a).
41
Let l(h) = 18*h**2 + 2*h - 2. Let r be l(-2). Suppose -r = -2*c + 40. What are the prime factors of c?
53
Let d be (2 - -1)*(-24)/3. Let i = 47 + d. What are the prime factors of i?
23
Let x(y) = 2*y**2 + 16*y + 16. What are the prime factors of x(-11)?
2, 41
Let v = 0 - 7. Let l = 0 - v. What are the prime factors of l?
7
Let f = 0 + 2. Suppose l = f*l - 13. List the prime factors of l.
13
Let v(d) = d**2 + d - 2. Let b be v(5). What are the prime factors of (1*3)/(21/b)?
2
Let f(s) = -s**3 + 12*s**2 - 6*s - 1. What are the prime factors of f(11)?
2, 3
Suppose 4*f - 5*w = 36, -f - 3 = 2*w + 1. Suppose -f*q - q = 0. Suppose q*i + 7 = i. List the prime factors of i.
7
Let j = 6 + -4. Suppose j*k + 3*k + 405 = 0. List the prime factors of k/(-7) + (-9)/(-21).
2, 3
Suppose 0*n = 4*q - 3*n + 19, -5*q - 5*n = -20. List the prime factors of (5 + q - 1) + 10.
13
Let m = 5 - 20. Let s(n) = 2*n**2 + 8*n + 5. Let r be s(-6). Let c = m + r. What are the prime factors of c?
2, 7
Let y(f) = 2*f**2 + 23*f + 7. What are the prime factors of y(-13)?
2, 23
Let o = -679 - -395. What are the prime factors of (-3)/(-6) + o/(-8)?
2, 3
Suppose 0 = -5*x + 30 + 10. Suppose a - 22 - x = 0. List the prime factors of a/(-12)*(-12)/10.
3
Let z(g) = 6*g. Let f be (-20)/(-2)*2/5. Let s = f + -3. List the prime factors of z(s).
2, 3
Let q(w) = w**3 + 3*w**2 - 2*w + 3. Suppose 19 = -3*u + 7. Let p be q(u). Let j = -2 - p. What are the prime factors of j?
3
Let a be 3/6*-23*-2. Let m be 24*9/6 + -1. Let w = m - a. What are the prime factors of w?
2, 3
List the prime factors of 1 + 1 - (6 + -52).
2, 3
Suppose 5*r = 2*r + 66. Suppose -2*y + 0*b = -b - r, 3*y - 5*b - 33 = 0. Let o = -6 + y. What are the prime factors of o?
5
Suppose u + 5*r = 2*r + 67, 0 = -3*u + r + 221. What are the prime factors of u?
73
Let p(k) = 57*k**2 + 9*k + 1. What are the prime factors of p(-2)?
211
Let u be (1 - 0) + -2 + -69. List the prime factors of u/(-7) + (-1)/(-1).
11
Suppose -9*q + 287 - 35 = 0. List the prime factors of q.
2, 7
Let m(d) = d**3 + 7*d**2 - d + 1. Let w be m(-7). Suppose y - 4 = w. What are the prime factors of y?
2, 3
Suppose -2*c = 2*z - 68, -2*c + 150 + 23 = 5*z. Suppose z = -3*d - 2*d. Let i = -1 - d. What are the prime factors of i?
2, 3
Let v(n) = -2*n**2 + 9*n**2 + 8*n**2 - 5*n**2. Let w be v(1). Suppose 2 = 3*i - w. What are the prime factors of i?
2
Suppose -2*w - 96 = -3*j + 65, -w + 52 = j. What are the prime factors of j?
53
Let j = 9 - 3. What are the prime factors of 3*(-2 + 44/j)?
2
Let m be -1*(-2 + 5 + -1). Let l(b) = -3*b**3 + 4*b + 3. What are the prime factors of l(m)?
19
Let b = -9 + 17. List the prime factors of b.
2
Suppose -2*h - 2*f + 454 = 0, 0*f + 15 = -3*f. List the prime factors of h.
2, 29
Suppose 0 = -7*t + 2*t + 125. List the prime factors of t.
5
Let a(d) = -d**3 - 6*d**2 - d + 3. Suppose 4*h + 20 = 4*m, 0 = -5*m - h + 5*h + 26. Let r be 38/(-6) + m/18. What are the prime factors of a(r)?
3
Suppose a - 131 = 44. List the prime factors of a.
5, 7
Let b(l) = l**2 + l + 2. Let m = 4 + -6. What are the prime factors of b(m)?
2
Let c be 1*(0 + -1) + 1. Suppose 12 = 4*m - c. Let h(r) = r**3 - 3*r**2 + 3*r - 3. List the prime factors of h(m).
2, 3
Let w(p) = -p**3 + p**2 - p - 4. Let r be w(0). List the prime factors of -1 + (-2)/(r/6).
2
Let s(x) = 13*x - 1. Let w = 19 + -17. List the prime factors of s(w).
5
Suppose -3*v + 28 = -2*z, 20 = 5*v - 3*v - z. List the prime factors of v.
2, 3
Suppose -9 = -2*a + 3*z, -2*a - z + 5*z + 10 = 0. Suppose -26 + 8 = -a*x. Suppose x + 2 = 4*o. List the prime factors of o.
2
Let h be (12 - 9)*2/(-6). What are the prime factors of (-93)/(-2) - h/2?
47
Let f(b) = -b - 5. Let k be f(-7). Suppose k*h - h - 2 = 0. What are the prime factors of h?
2
Let u(x) = -x**3 + 7*x**2 - 7*x + 8. Let j be u(6). Suppose -60 = -2*f - j*f. What are the prime factors of f?
3, 5
Suppose -3*d + 558 = 6*b - b, 2*b + 744 = 4*d. What are the prime factors of d?
2, 3, 31
Let f = 4 + 0. What are the prime factors of f?
2
Suppose 5*p = 4*x + 12, 2 = 2*p + 2*x + 8. Suppose p*b + 4*b = 32. List the prime factors of b.
2
Let k(d) = 5*d + 9. Let b(r) = 2*r + 4. Let t(m) = 9*b(m) - 4*k(m). List the prime factors of t(-3).
2, 3
Let x(w) = -w**3 - 7*w**2 + w - 3. Let p be x(-7). Let r = p - -14. Suppose -r*y + 0*y = -36. List the prime factors of y.
3
Suppose 4*y - 220 = -y + 5*w, -w + 151 = 4*y. List the prime factors of y.
3, 13
Let d(p) = 3*p**2 - 10*p - 1. What are the prime factors of d(9)?
2, 19
Let q = 31 + -235. What are the prime factors of (-2)/(2 + q/99)?
3, 11
Suppose -v + 23 = 4*u, 0*u - 7 = -u + v. Suppose -z + u = z. What are the prime factors of z?
3
Let z = -13 + 25. List the prime factors of 6/z - (-39)/2.
2, 5
Let r(m) = m**3 - 6*m**2 + 2*m + 6. What are the prime factors of r(6)?
2, 3
Suppose 4*q + 2*t - 1 = q, -5*q = -2*t - 23. Suppose 6*r - 123 = q*r. List the prime factors of r.
41
Suppose 116 = 4*l - 2*j, -5*j + 3*j = 4*l - 124. Let d = -10 + l. Suppose 0 = 4*k + d - 80. What are the prime factors of k?
3, 5
Suppose 0*x = -x + 68. What are the prime factors of x?
2, 17
Suppose 0 = 3*s - 0*s - 3. Let u(n) = 23*n**3 - n**2 - n + 1. List the prime factors of u(s).
2, 11
Let a be (-4 - -1)/(6/(-2)). Let z be 42 - (2 + 1)/a. Let g = z + -18. What are the prime factors of g?
3, 7
Let j = -113 - -170. What are the prime factors of j?
3, 19
Suppose 3*b + 10 - 44 = -5*h, -2*h = 4*b - 22. Suppose 0 = 3*n - 32 - 13. Suppose -n = -3*f, 23 = 4*i - b*f - 6. What are the prime factors of i?
11
Suppose -15*b = -3*b - 3348. What are the prime factors of b?
3, 31
Let f(o) = -o**3 + 18*o**2 + 10*o - 43. What are the prime factors of f(18)?
137
Let x(b) = -22*b - 2. Let z(y) = -y - 1. Let m(o) = -x(o) + 3*z(o). List the prime factors of m(1).
2, 3
Let x be (-5)/15 + 1/3. Suppose -4*m + 13 + 7 = 4*q, -5*q = -3*m - 1. Let n = q + x. List the prime factors of n.
2
Suppose 0 = -v + 12 - 39. Let x be v/6*4/(-3). Let i = x + -3. List the prime factors of i.
3
List the prime factors of 2854/38 + 20/(-190).
3, 5
Let r(u) = 3*u - 7. Suppose -3*y + 3*s = -2*y - 17, 4*y - 12 = -2*s. What are the prime factors of r(y)?
2
Suppose -2*o = -2*c + 94, 3*c + 79 = 5*c + 3*o. List the prime factors of c.
2, 11
Let d(f) = 6*f**2 + 5*f + 1. What are the prime factors of d(-3)?
2, 5
Suppose 3*c - v = 54, 5*v - 2*v = -5*c + 90. Let z = c - 8. List the prime factors of z.
2, 5
Let c = -31 + 20. Let s = 38 + c. What are the prime factors of s?
3
Let z(l) = -233*l**3 - 2*l**2 + 3*l + 3. What are the prime factors of z(-1)?
3, 7, 11
Let x(l) = l**2 + 4*l - 7. Let v(f) = -f + 2. Let y be 18/2 - (-1)/(-1). Let c be v(y). List the prime factors of x(c).
5
Suppose -3*i + 3 = -n - 5, -36 = -5*n - 4*i. Suppose 3*p - 5 = -5*h, 0*h - 4 = -3*p - n*h. Suppose -2*g - g + 9 = p. List the prime factors of g.
3
Suppos